y n?
8
Suppose 21*b - 224 = 5*b. Calculate the remainder when 6956 is divided by b.
12
Suppose -5*w = -333 - 447. Suppose -234 = -2*h - w. Calculate the remainder when 110 is divided by h.
32
Let n be (-3*6/9)/(2/(-26)). Suppose -n*g + 1353 = 235. What is the remainder when 300 is divided by g?
42
Calculate the remainder when (-8)/(-14) + 1487418/1099 is divided by 4.
2
Let n(c) = 27*c**3 - 7*c**2 + 19*c - 9. Let g be n(3). Let u = -689 + g. What is the remainder when 196 is divided by u?
21
Suppose -4*u = -4*j + 988, -678 = 5*j + 5*u - 1853. Calculate the remainder when 354 is divided by j.
113
Let n(g) = g**3 - 4*g**2 - g + 15. Suppose 14*f - 17*f = -615. Let p = f - 31. What is the remainder when p is divided by n(5)?
34
Let c(y) be the first derivative of y**4/4 + 14*y**3/3 - y**2 - 13*y - 10. Let g = 19 - 16. Calculate the remainder when c(-14) is divided by g.
0
Let c be 5 + (-5 - 5) - -10 - -29. Suppose -c = 13*i - 99. Calculate the remainder when 31 is divided by i.
1
Let f be (52 + 1)/((-6)/12). Let k = -90 - f. Calculate the remainder when 2*(-4)/((-24)/327) is divided by k.
13
Let h(l) = -l**3 + 7*l**2 + 82*l - 32. Calculate the remainder when 667 is divided by h(13).
7
Let u = 76 + -36. Suppose 3*z - 1074 = -3*w, -2*z + 3*w - 8*w = -710. Suppose 0 = 30*b - z - 270. Calculate the remainder when u is divided by b.
19
Let d(i) = -58*i + 1540. Calculate the remainder when 191 is divided by d(26).
31
Suppose 0 = 4*q - p - 1674, -1267 = -q - 2*q - 5*p. Suppose -121 - q = -4*r. Suppose 4*b = 132 + 4. Calculate the remainder when r is divided by b.
33
Let j = -65 + 106. Let h be (3/(-2))/((-12282)/(-1752) + -7). Let o = 164 + h. What is the remainder when j is divided by o?
5
Let d(o) = -86*o - 28. Let j = -363 + 362. What is the remainder when 105 is divided by d(j)?
47
Let h(g) = -3*g**2 + 24*g - 7. Suppose 0 = -7*v + 38 + 11. Calculate the remainder when 14 is divided by h(v).
0
Let r(p) = -2*p**2 - 29*p + 11*p**3 - 12*p**3 - 9 - 2 - 14*p**2. Let g be r(-14). Calculate the remainder when 181 is divided by (-1 + g/4)*(19 - 207).
40
Suppose -6*n + 10 = -3*n + b, 2*n - 5*b + 16 = 0. Let j be 49/(-17) + (32/68)/(-4). What is the remainder when n is divided by -4*(2 - (75/(-10))/j)?
0
Let b(s) = 6*s + 31. What is the remainder when b(14) is divided by 24*40/24*6/8?
25
What is the remainder when 439 is divided by (11 - 13)/(2/(-35))?
19
Suppose 3*q - 2*q - 75 = -z, 4*z + 218 = 3*q. What is the remainder when q is divided by 4807/(-69)*(-15)/55?
17
Let n = -22773 - -23080. What is the remainder when 11659 is divided by n?
300
Suppose 2*m + 4*d + 0 = 2, -3*m - 7*d = 3. What is the remainder when 51 is divided by m?
12
Suppose 14248 = 27*q + 25*q. What is the remainder when q is divided by 42?
22
Suppose 197 - 173 = 6*s. Suppose -s*u - 28 = -2*t, -5*t - 19 = -7*t - 5*u. Calculate the remainder when 297 is divided by t.
9
Let l(t) = 2*t + 2. Let s be l(5). Suppose y - 4*y = -s. Let a = 39 + y. What is the remainder when 169 is divided by a?
40
Let g = 586 - 897. Let p = g - -323. What is the remainder when 116 is divided by p?
8
Let t = 10942 + -9836. Calculate the remainder when t is divided by 282.
260
Let w = 451 + -640. Let z = w + 194. Suppose -13 = -5*p + 92. What is the remainder when p is divided by z?
1
Suppose 364 = -u + 2*u + 5*f, 0 = 4*u - 2*f - 1522. Calculate the remainder when u is divided by 10.
9
Let b(h) = -8*h**3 + 76*h**2 - 35*h + 31. Calculate the remainder when 217 is divided by b(9).
17
Let h(n) = -89*n. Let z(d) = 11*d - 62. Let f be z(6). Suppose f*t - 248 = -4*t. Calculate the remainder when h(-1) is divided by t.
27
Let q(x) = 20*x**3 + x**2 - 24*x - 138. Let u(n) = -7*n**3 + 8*n + 46. Let f(b) = 6*q(b) + 17*u(b). Calculate the remainder when f(-5) is divided by 6.
1
Let m(c) = 28*c + 9. Let x(y) = -y. Let p(f) = -m(f) - 2*x(f). Let d = -56 - -74. What is the remainder when p(-3) is divided by d?
15
Let z = -8926 - -9908. Calculate the remainder when z is divided by 6.
4
Suppose 0 = -4*t - 5*b + 278, -14*t - 5*b = -17*t + 191. Calculate the remainder when 1665 is divided by t.
57
Let l = -211 + 229. Let z = 33 - -119. Calculate the remainder when z is divided by l.
8
Let u = -103568 - -103866. What is the remainder when u is divided by 80/6*21/14?
18
Let c be 3/9 - 4/12. Let l(j) = j**3 - 9*j**2 - j + 63. Calculate the remainder when 314 is divided by l(c).
62
Let d(v) = -3*v**2 + 62*v + 90. Calculate the remainder when 668 is divided by d(20).
18
Let r(g) = -203*g - 1. Calculate the remainder when r(-2) is divided by 1*(5 + -6)*(26 + -15 - 48).
35
Suppose -65*d + 23*d = -45*d + 165. Suppose 2 - 23 = -r. Calculate the remainder when d is divided by r.
13
Suppose -71*y - 840 = -85*y. What is the remainder when 656 is divided by y?
56
Let m be (-2)/(-3)*(-36)/(-6). Let u(a) = 3*a - 4. Suppose -519 - 101 = -20*g. What is the remainder when g is divided by u(m)?
7
Suppose 66 = 5*y + 6. Let g(d) be the first derivative of -5*d**2 - 77*d - 148. Calculate the remainder when g(-22) is divided by y.
11
Calculate the remainder when 114/(-5 + 8) + 4 is divided by 38.
4
Let c(w) = w**2 - 3*w - 2. Let s be c(6). Let k(t) = 10*t + 353. Let r be k(-35). Suppose v = r*v - s. What is the remainder when v is divided by 4?
0
Let w = -141 - -166. Let z(m) = -154*m - 237. Calculate the remainder when z(-2) is divided by w.
21
Let z(h) = 400*h - 242. Calculate the remainder when z(6) is divided by 20.
18
Suppose 0 = 2*l - 2*p - 972 - 260, -2456 = -4*l - 4*p. Suppose 12*a + l = -177. Let i = -53 - a. Calculate the remainder when 24 is divided by i.
11
Calculate the remainder when 508/(-8)*(3 + (-18)/2) is divided by 65.
56
Suppose -3*q + 165*v - 166*v = -283, 0 = -2*v - 4. Calculate the remainder when 309 is divided by q.
24
Suppose 3*x - 42 = 30. Let y(s) = s**2 + 6*s + 3. Let p be y(-6). What is the remainder when ((-9)/(-27)*p)/((-1)/(-47)) is divided by x?
23
Let n(t) be the first derivative of t**2 + 18*t + 1. Suppose 82*g + 166 = -80. Calculate the remainder when 71 is divided by n(g).
11
Suppose -3*m + 2*b = b - 24, -4*m + b = -32. Let t be (7/(-21))/((-3)/(-9))*-561. Let g = 562 - t. Calculate the remainder when m is divided by g.
0
Suppose b - 46 = -v, 5*v - 68 = 8*b + 188. Calculate the remainder when 381 is divided by v.
45
Let a(j) = -462*j - 729. Let s(w) = -w**3 - 4*w**2 - 7*w - 6. Calculate the remainder when a(-2) is divided by s(-4).
19
Let w = 7 - 4. Suppose 0 = -w*f - z + 39, -4*z = z + 15. Calculate the remainder when 57 is divided by f.
1
Let f(p) = -9*p**3 - p**2 + 1. Let m be f(-1). Let k(n) = m + 4*n - 50 + 3. What is the remainder when k(13) is divided by 2?
0
Suppose -12 = -3*r, 51*s + 1044 = 47*s + 4*r. Let l = 324 + s. What is the remainder when l is divided by ((-46)/3)/((-4)/6)?
21
Let f(s) = s**3 - 20*s**2 - 434*s + 8. What is the remainder when 354 is divided by f(-13)?
62
Let w = -689 + -29. Let i = 775 + w. What is the remainder when i is divided by 30?
27
Let u(s) = -2*s**2 + 281*s - 1576. What is the remainder when 1649 is divided by u(134)?
155
Let g(h) = h**2 - 8*h + 18. Let o be g(7). Suppose -o*u - 19 = -85. Calculate the remainder when 69 is divided by u.
3
Let u(h) = -15*h + 17. Let j(a) = -29 + 57 - 29. Let k(i) = -j(i) - u(i). Calculate the remainder when k(6) is divided by 19.
17
Calculate the remainder when 373 is divided by (-8085)/(-924)*56/10.
30
Let k = -1539 + 1589. Calculate the remainder when 156 is divided by k.
6
Suppose -6134 + 1299 = -5*o. Let w = 1003 - o. Calculate the remainder when 163 is divided by w.
19
Let l(z) = 2*z**2 + 4*z + 23. Let j be l(-7). Suppose 0 = -2*g - 85 + j. Suppose -g*t + 141 = 5. Calculate the remainder when t is divided by 9.
7
Let v(i) = i**2 - 6*i + 12. Let z be ((-4)/((-16)/12))/(6/14). Let w be v(z). Suppose 6*c - 131 = w. What is the remainder when 98 is divided by c?
23
Let n = 12806 + -12066. Calculate the remainder when n is divided by 145.
15
Suppose 5*i - 2*n = -6*n + 57, -n = 3*i - 30. Let u(f) = 2 - i + 0 + 11*f + 3. Calculate the remainder when 12 is divided by u(1).
5
Let o be (-2)/8*6*-2. What is the remainder when (-4 + 220)/3 + o + -1 is divided by 57?
17
Suppose 0 = 36*n - 788642 - 16210. Calculate the remainder when n is divided by 257.
